rime factors of s.
2, 3
Let k(n) = -n**3 - 3*n**2 + 3*n + 5. Let q be (-2)/(-8) + (-102)/24. Let p be k(q). Let v = p + -3. List the prime factors of v.
2, 3
Let h(n) = n**2 - 5*n - 10. Let g be h(7). Suppose -g*f - f + 30 = 3*p, -4*f = p - 17. What are the prime factors of p?
5
Let q(m) = 23*m**2 - 7*m - 8. What are the prime factors of q(-2)?
2, 7
Suppose 5 = -5*u - 50. Let p = u + 19. Suppose c - 4*c - 3*y + 42 = 0, 4*y = -p. What are the prime factors of c?
2
Suppose -20 = -7*n + 2*n. Suppose n*v = -g, 0*g + 4*g + 4*v = 12. List the prime factors of g.
2
Let a = -3 - 5. Let l = 18 - a. List the prime factors of l.
2, 13
Let j = -126 + 265. What are the prime factors of j?
139
Let z be 4/5*(-70)/(-2). Suppose -12 - z = -5*s. Let a(c) = c**2 - 9*c + 11. What are the prime factors of a(s)?
3
Let g = -164 - -281. What are the prime factors of g?
3, 13
Let b = 34 - 23. Let i = b + -31. What are the prime factors of 6/8*i/(-1)?
3, 5
Let t = -123 - -183. What are the prime factors of t?
2, 3, 5
Suppose -4 - 16 = 5*i, -2*i = v - 3. Suppose 3*y = -3*w + 21, y + 3*w - v - 2 = 0. List the prime factors of y.
2
Let d(c) = 70*c - 4. What are the prime factors of d(4)?
2, 3, 23
Let m be 2/6 + (-16)/(-6). Suppose 0 = 2*x - w - 52, -m*w - 2*w - 92 = -3*x. List the prime factors of x.
2, 3
Let v(k) = -k**3 + 9*k**2 + 6*k - 8. List the prime factors of v(9).
2, 23
Suppose -4*y + 0*y + 27 = -5*h, -3*y = -3*h - 18. List the prime factors of y.
3
Let h = 6 - 4. Suppose g + 1 = 2*r - 10, h*r - 21 = 3*g. Let y(t) = -t**3 + 4*t**2 - 2*t + 2. What are the prime factors of y(r)?
5
Let h(p) = -p**3 - 2*p**2 + p - 4. Let v be h(-3). Suppose 9 = v*g - 9. Suppose -g = -d + 3. What are the prime factors of d?
2, 3
Suppose 25 = -14*j + 9*j. Let s(o) = -3*o - 1. What are the prime factors of s(j)?
2, 7
Suppose 3*y = 6*y - 51. List the prime factors of y.
17
Let g(j) be the third derivative of -j**4/24 - 2*j**3/3 + 2*j**2. Let r be g(0). Let z(v) = v**2 + v. What are the prime factors of z(r)?
2, 3
Let h = 0 - 0. Suppose 0*b - 4*b + 32 = h. Suppose b = -2*o + 32. List the prime factors of o.
2, 3
Suppose 3*p - 2*t = -1, p + t - 5*t = -17. Suppose 32 = c + p*c. List the prime factors of c.
2
Suppose -4*l + 4*s = -s - 13, -5*l + 6 = 4*s. Suppose j = 3*p - 28, -5*p - 3 = 2*j - 57. Suppose 0 = -0*k + l*k - p. List the prime factors of k.
5
Let x be (-18)/(-1 - -3) + 0. Let g = 44 + -25. Let q = g + x. What are the prime factors of q?
2, 5
Let s = -7 - -26. Let r = s + -35. What are the prime factors of (-18)/8*r/6?
2, 3
Suppose -3*f - 8*n = -3*n + 6, -f = -3*n - 12. List the prime factors of 8/1 + f + -3.
2
Let q be 3/6*-2 - -3. Let o = -3 + 6. Suppose -q*z + o*t + 1 = 8*t, -2*z - t = -21. List the prime factors of z.
13
List the prime factors of 63/(-3)*3/(-5 - -2).
3, 7
Let g = -7 + 3. Suppose 31 = 5*t - 19. Let u = t + g. List the prime factors of u.
2, 3
Suppose -80 = -5*k + 100. What are the prime factors of k?
2, 3
Suppose -2*s - 90 = -m - 13, 3*m + 93 = -3*s. List the prime factors of (-6)/s + 59/6.
2, 5
Suppose -5*t = 4*w - 145, -51 = -4*w + 5*t + 84. Suppose w + 14 = z. Suppose -3*m + 13 = -a, -4*m + 0*m - 5*a + z = 0. List the prime factors of m.
2, 3
Let d = 21 + -13. Let y(q) = 9*q - 4. Let i(j) = 26*j - 13. Let k(v) = 6*i(v) - 17*y(v). List the prime factors of k(d).
2, 7
Suppose -2*p - p + 444 = 0. What are the prime factors of p?
2, 37
Let j(p) = -p. Let l be j(-7). Suppose -15 = -5*f - 5*o, 0 = -2*f + l*f + 3*o - 9. Suppose f*w = w - 9. What are the prime factors of w?
3
Let d = -47 - -79. Let o = -20 + d. What are the prime factors of o?
2, 3
Let c be ((-5)/(-2))/1*2. Let i(t) = -t**3 - t + 5 - c - 7*t**2 + 7. List the prime factors of i(-7).
2, 7
Let r = -7 - -11. Suppose -r*k + 9*k - 65 = 0. Let o = k - 6. What are the prime factors of o?
7
Let k = 92 + -60. List the prime factors of k.
2
Let h = 10 + 6. Suppose -o = -i + 5 - 0, 0 = 2*i - 4*o - h. Suppose -6*q = -5*q - i. What are the prime factors of q?
2
Let p = 16 - 23. Let w be (-4)/(-14) - (-23)/p. Let o = -1 - w. What are the prime factors of o?
2
Let n be (-212)/(-18) - (-4)/18. Let j be 6/8 - 9/n. Let i = j - -9. What are the prime factors of i?
3
Let u = 0 + -2. Let m(j) = 6*j**2 + 5*j + 1. What are the prime factors of m(u)?
3, 5
Suppose -4*k - 327 = -5*t, -4*t + 7*t - 203 = -k. Suppose -5 - t = -4*w. Suppose 3*i = w - 3. What are the prime factors of i?
5
Let r = 49 + -25. List the prime factors of r.
2, 3
Let h(n) = -13*n - 31. What are the prime factors of h(-8)?
73
Let c(a) = -a - 13. Let f(u) = u + 14. Let i(z) = -6*c(z) - 5*f(z). What are the prime factors of i(7)?
3, 5
Suppose g + 0 - 2 = 0. Suppose -g*z = -7*z - 20. List the prime factors of (-6)/((-2)/z + -2).
2
Suppose 7*k = 9*k - 102. What are the prime factors of k?
3, 17
Let i(t) = 1 + 9*t + 2 - 1. Let u be i(5). Suppose 2 = -5*w + u. List the prime factors of w.
3
Suppose -2*l + 94 = -2*v - 0*v, 2*l + 2*v - 98 = 0. Suppose 5*p - 12 = l. What are the prime factors of p?
2, 3
Let v(p) be the second derivative of p**3/2 - 5*p**2/2 - 3*p. Let h be v(4). Suppose 0 = -2*c + 3*y - h*y + 12, -12 = -2*c + y. List the prime factors of c.
2, 3
Let v be 2 + 0/1 + -12. Let o(n) = 93*n**3 - 1. Let y be o(-1). What are the prime factors of 8/(-20) + y/v?
3
Suppose 3*n = -4*s - 13, 4*s = 4*n - n - 19. Suppose -n + 17 = 4*x + 4*d, 2*x + 12 = 3*d. Suppose x = -0*f + 3*f - 9. List the prime factors of f.
3
Let h be (-58)/8 - 10/(-40). Let s = h - -9. What are the prime factors of s?
2
Let y(v) be the second derivative of -v**4/12 - v**3/6 - v**2/2 + v. Let r be y(0). Let c = 3 + r. What are the prime factors of c?
2
What are the prime factors of -2 - (-110)/(1/(-2) - -1)?
2, 109
Let k(r) = -r**3 - 13*r**2 - 16*r - 5. What are the prime factors of k(-12)?
43
Let g(x) = 7*x - 1. Suppose 4*d = -12, 18 = w - 7*d + 3*d. What are the prime factors of g(w)?
41
Let k(q) = -q - 4. Let o be k(-8). Suppose o = p + p. Suppose -3*d - 5*b + 1 = 0, -4*b + 8 = -p*d + 38. List the prime factors of d.
7
Let p(d) = 5*d**2 - 4*d - 5. List the prime factors of p(-3).
2, 13
Suppose 2*v - 6 = 5*h - 32, -4*h = 2*v - 28. Let y = -2 + h. Suppose 5*t + y*m = 0, 5*t + 2*m - 35 = 5*m. List the prime factors of t.
2
Let y(i) be the third derivative of i**5/15 + i**4/24 - i**3/2 - 2*i**2. Let h be y(3). Suppose 4 = 4*q - h. What are the prime factors of q?
2, 5
Let w = 11 - 4. List the prime factors of (-116)/(-6) - w/21.
19
Suppose 20 = u + 4*u. Suppose 206 = u*b - 2*l - 0*l, -5 = l. What are the prime factors of b?
7
What are the prime factors of ((-76)/20)/((-3)/15)?
19
Let d = -9 + 7. What are the prime factors of -18*(-2)/(-6)*d?
2, 3
Let p(x) = 91*x**3 - x**2 + 1. List the prime factors of p(1).
7, 13
Let q(b) = 9*b - 2. Let o be q(-2). What are the prime factors of (-4)/(-10) - 252/o?
13
Let x be -3 - (6/(-2) + 0). Suppose 4*m + 4*l - 155 + 63 = x, -l + 5 = 0. Suppose -4*c - m = -5*r + 31, 81 = 5*r + 4*c. List the prime factors of r.
13
Let t be (4 + -1)/(6/8). Let b = t - -7. What are the prime factors of b?
11
Let q(u) = u**3 - 3*u**2 + 4*u - 3. Let o be q(2). Let p be 2/1 + -8*o. What are the prime factors of (27/p)/(3/(-6))?
3
List the prime factors of 156/21 + (-3)/7.
7
Let f = -53 + 74. What are the prime factors of f?
3, 7
Let x(y) = y**3 - 2*y**2 - 4*y + 1. Suppose -3*j + 4*o = -4*j + 21, -3*o - 13 = -5*j. Suppose -10 = -j*t + 10. What are the prime factors of x(t)?
17
Suppose 5*p + 176 = -l - 3*l, -2*p - 71 = l. Let a = p - -21. List the prime factors of 10/a*(-27)/2.
3
What are the prime factors of (-4 - -19)*3/3?
3, 5
Let m(q) = q**3 - 3*q**2 + 3*q - 3. Let z be m(2). Let v be (-3 - -2)*3*z. Suppose v*h - 9 = 0, -3*h = 5*y - 8*h - 45. List the prime factors of y.
2, 3
What are the prime factors of ((-7)/(-3))/(11/33)?
7
Suppose 2*q + 12 = -0*q. List the prime factors of (6/4)/(q/(-80)).
2, 5
Suppose -3*y + 364 = 4*t, -3*t = -6*t + 12. What are the prime factors of y?
2, 29
Let w(z) = 2*z**2 + 5*z + 2. Suppose 0*m - p = 2*m + 5, 5*p = 2*m + 11. List the prime factors of w(m).
5
Let g(m) = -2*m**3 - m - 9. Let f(q) = q**3 - q**2 + 1. Let z(l) = -3*f(l) - g(l). List the prime factors of z(3).
3
Let j(x) be the third derivative of x**5/60 + x**4/24 + 3*x**3/2 + x**